 derivative of 3*n**4/4 - n**3 + 115. What is r(h)?
12
Let r(l) = l - 4. Let i(a) = -3 - 50*a**2 + 7*a + 6 + 69*a**2 - a**3 + 11*a. Let n be i(20). Let b = 32 + n. Calculate r(b).
-9
Let l be (1995/525)/(1/(-5)). Let p(s) = -4*s + 15. Give p(l).
91
Let z(w) = -13*w**2 - 5*w + 264. Let g(c) = 37*c**2 + 13*c - 791. Let k(u) = -6*g(u) - 17*z(u). Give k(20).
-2
Let p be (-54)/(-8) - (-10)/40. Let q = p - 3. Let n(a) = 7*a**2 + 6*a + 4. Let h(l) = 3*l**2 + 3*l + 2. Let s(g) = -9*h(g) + 4*n(g). Determine s(q).
2
Let s(r) = r**3 - r**2 + r. Let c be (16 + -17)/(2/24). Let a = c - -12. Let n be s(a). Let p(z) = -z**3 + z**2 - z - 14. Calculate p(n).
-14
Let a(i) be the first derivative of -i**3/3 - 5*i**2/2 + i + 1947. Determine a(-6).
-5
Let l(k) = -3 - 15*k**2 - 63*k - 56*k - 41*k + 3*k**3 + 137*k. Let p(r) = r**3 - 8*r**2 - 11*r - 1. Let a(w) = 2*l(w) - 5*p(w). Give a(-9).
-1
Let q(t) = 5*t + 6. Let v(i) = -i - 1. Let z(y) = -q(y) - 6*v(y). Let h be 56/35*(-30)/(-12). Let w(p) = 8*p - 1. Let u(m) = h*z(m) + w(m). Calculate u(2).
23
Let h(r) = 8485 - 16972 - r + 8489. What is h(10)?
-8
Let j = 147 + -145. Let b(q) = 157 - 76 - 82 + 4*q**j + 2*q. What is b(2)?
19
Let l(d) = 2*d**2 + 29*d + 9. Let s be (12/10)/((-30)/350). Calculate l(s).
-5
Let c(j) = 33*j - 20 + 1050*j**2 + 8*j**3 - 5 - 4*j**3 - 1032*j**2 - 3*j**3. What is c(-16)?
-41
Let q(u) = -130*u + 31. Let g(t) = -841*t + 186. Let n(s) = 2*g(s) - 13*q(s). Calculate n(3).
-7
Let x(l) = -14*l**3 + l**2 - 1. Let f = -293 + 299. Suppose 9 = -15*g - f. What is x(g)?
14
Let g(j) be the first derivative of 1/2*j**2 + 15 - j. Let o be (-6)/4 - 98/28. Give g(o).
-6
Suppose -9168*l + 256 = -9136*l. Let y(b) = -b**2 + 4*b - 15. Give y(l).
-47
Let p(s) = 11*s - 16. Let r(n) = 5*n - 8. Let j(f) = f**3 + 8*f**2 + f + 4. Let z = 31 + -39. Let m be j(z). Let t(q) = m*p(q) + 9*r(q). What is t(7)?
-1
Let p(n) = -13*n + 19. Let r(d) = d**3 - 17*d**2 - 56*d + 345. Let b be r(19). Give p(b).
-20
Let k(b) be the first derivative of 2*b**2 + 2*b + 44. Let p(w) = -2*w + 4. Let d be p(0). Suppose -15 = 5*y, -d*y = 4*c - 2*y - 2. Calculate k(c).
10
Let y(q) be the second derivative of q**5/20 - 29*q**4/6 + q**3/6 - 27*q**2 - 710*q - 2. Determine y(58).
4
Let v(c) be the third derivative of c**5/60 - 3*c**4/4 - 5*c**3/6 + 20*c**2 - 2*c + 9. Calculate v(13).
-70
Let s(j) = 1 + 8595*j**3 - 8594*j**3 - j - 13*j - 2*j**2. Calculate s(5).
6
Let j(n) be the second derivative of 3*n**5/5 - n**4/6 + n**3/2 - n**2/2 + 34*n + 1. Determine j(2).
93
Let w = 54 - 52. Let y(g) = -g + 970 - 970 - w*g. What is y(-7)?
21
Let l(d) = 8*d**2 + d - 1. Let s = 282 + -282. Let z be (1/(-2) - -1)*8. Suppose 4*k = -s*k + z. Calculate l(k).
8
Let w(d) = 4*d - 20. Suppose 5*r - 20 = 0, 37 = 5*x - r - 19. Calculate w(x).
28
Suppose -11*t = -1575 - 867. Suppose -7*o = -257 + t. Let j(r) = -6*r - 5. What is j(o)?
-35
Let a = 54 + -50. Let f(w) = w - 6. Let p(k) = -k + 2. Let g(d) = a*f(d) + 7*p(d). Determine g(-7).
11
Let b = 15 + -14. Let h be b - ((-2)/(-4) + 473/(-22)). Suppose h = -o + 27. Let u(l) = l**3 - 5*l**2 + l. Give u(o).
5
Let o(n) be the second derivative of -n**3/3 + 2*n**2 - 1120*n. Determine o(-3).
10
Let v(p) = -13*p + 7. Let m(g) = 26*g - 10. Let i(l) = 2*l - 2. Let r(s) = -2*i(s) - m(s). Let x(u) = 4*r(u) - 9*v(u). Calculate x(-10).
23
Let u(i) = -32*i**2 - 34*i - 55. Let o(k) = 7*k**2 + 8*k + 13. Let r(t) = 9*o(t) + 2*u(t). Give r(6).
-5
Let m(p) = p - 6. Let w(h) = -h + 5. Let o(z) = 4*m(z) + 5*w(z). Let f = 18 + -12. Suppose 28 = -5*n + 3*u, -f*u = 5*n - 8*u + 27. Give o(n).
6
Let x(g) = g**3 + 11*g**2 + 8*g - 15. Suppose -21*u + 594 = u. Suppose u*q + 109 = -161. What is x(q)?
5
Let w(r) = -48*r**3 + 20*r**2 - 8*r + 5. Let t(m) = -11*m**3 + 5*m**2 - 2*m + 1. Let d(n) = 9*t(n) - 2*w(n). What is d(1)?
-1
Suppose -109*o - 432 = -1631. Let i(a) = a**2 - 3*a - 10. What is i(o)?
78
Suppose -4*b = -z + 82, -3*z + 2*b + 54 = -142. Suppose g - z = -59. Let n(t) = 16*t - g + 18*t - 33*t. Give n(6).
3
Let x(i) = -i**3 + 8*i**2 + 19*i + 12. Let s be x(10). Let p(g) = -6*g**3 - g**s + g + 1 + 28*g**3 - 21*g**3. Calculate p(3).
22
Let j = 1031 - -2078. Let d(i) = 4*i**2 - 3*i - j + 4*i + 3109. Give d(-2).
14
Let i(w) = -3*w + 156 + 131 + 6*w - 286. Let f(u) = -u**2 + 3*u - 4. Let d be f(3). Let t(l) = 3*l + 1. Let m(r) = d*t(r) + 5*i(r). Calculate m(-1).
-2
Let l(f) = -257*f + 27 - 22 - 263*f + 0*f**2 + 785*f + f**2 - 258*f. Suppose 2*i - 3 = 3. Suppose 2*t + 4*u + 4 = 0, -15 + 2 = i*t - u. What is l(t)?
-7
Let g(a) = a**3 - 8*a**2 + a + 18. Let i = 7832 - 7824. Calculate g(i).
26
Let l be (28/(-12))/(6/(-18)). Let t(i) = i**3 - 204*i**2 - 2 - l*i + 0 + 197*i**2. Determine t(8).
6
Let s = -817 - -821. Let c(b) = -11*b**2 + 7*b + 1. Let q(o) = -13*o**2 + 8*o. Let i(t) = 6*c(t) - 5*q(t). Determine i(s).
-2
Let f(p) = -4*p**2 - 66*p - 66. Let h(s) = s**2 + 2*s + 2. Let m(b) = f(b) + 6*h(b). Give m(28).
2
Let p(c) = 4*c - 2. Suppose 22*y - 44 = 24*y. Let d = -170 + 194. Let q = d + y. What is p(q)?
6
Let p(h) = 38 - 3*h + 0*h - 2 + 26. Let r be p(17). Let f(a) = -a**2 + 10*a + 14. What is f(r)?
3
Suppose -30 - 10 = 5*z - 2*j, -3*z + 12 = 6*j. Let x(v) be the second derivative of v**4/12 + 2*v**3/3 - 3*v**2/2 + 2*v. What is x(z)?
9
Suppose -21*m = -281 - 55. Let k be m + -21 - 2*-2. Let v(d) = 2*d**2 + 3*d + 2. Determine v(k).
1
Let q be (-2)/(-1) + (-1 - 0). Let a(g) be the second derivative of 13*g**5/20 - g**3/6 + g**2/2 - 791*g - 1. Calculate a(q).
13
Suppose -7*i = 11*i - 216. Let y be (2/(-8))/(i/(-48)). Let k(g) = 13*g**3 - 2*g**2 + g. Determine k(y).
12
Suppose -13*u = 6*u - 950. Let b(y) = 50*y + 1 - u*y + y. What is b(1)?
2
Let f = -320 + 324. Let v(y) = 5080*y**2 - y**3 + 11*y - 5088*y**2 - 3*y + f. Determine v(-9).
13
Let w(s) = -15*s + 1335. Let f be w(89). Let n(g) = -g**2 - 4*g + 4. Give n(f).
4
Suppose -174 = -10*h + 13*h. Let u be h/29 + 1 + -1. Let v(q) = q**3 + 2*q**2 + 3*q + 1. Calculate v(u).
-5
Let a(s) = 3*s**2 - 3*s - 13. Let x be a(-3). Suppose -x = -2*k - 15. Let u(p) = -3*p + p**3 + 2 - 3*p**2 + 2*p - k*p + 0*p. Determine u(4).
-2
Let w be -4 + (1940/(-291) - (-8)/(-6)). Let t(c) = -c**2 - 14*c - 1. Calculate t(w).
23
Let w(x) = -2*x**3 - 13*x**2 + 13*x + 37. Let k(l) = 624*l - 3751. Let u be k(6). Determine w(u).
-5
Suppose o = 6*o - 30. Let k(h) = -h**2 + 3 + h - 1 + o*h. Let n be (-1 - (-11 - -1))/(45*(-27)/(-810)). Give k(n).
8
Let c(r) = -r**3 + 7*r**2 + 2*r - 10. Suppose -2*w + 4*w = 0, w = -3*i + 1161. Let a = -380 + i. Calculate c(a).
4
Let l(i) = -16*i**2 + 224*i + 7. Let p(v) = v**3 + 14*v**2 + 44*v + 135. Let m be p(-11). Give l(m).
7
Let m(t) = 8*t**3 + 11*t**3 + 31*t - 12*t**2 - 20*t**3 - t**2 + 11. Let c be m(-15). Let d(b) = -3 - 3*b + 0*b - 2 + 3. What is d(c)?
10
Let a(y) be the first derivative of y**2 - 45 - y**2 + y + 11*y**2 - 5*y**2. Let q(u) = -u - 5. Let b be q(-6). What is a(b)?
13
Let u(f) = -31*f**2 - 7*f + 15. Let y(j) = 34*j**2 + 5*j - 16. Let r(n) = 12*u(n) + 11*y(n). Give r(16).
52
Let l(u) = -u**3 + 2*u**2 + 10*u + 2. Let o be l(-4). Let b = o - 56. Let w(z) = -2*z**3 + z**3 + 5 - z + 10 + b. Determine w(0).
17
Let v = 60 - 60. Let s(d) = 0*d**2 + v*d**2 + 2*d + 4 - 6*d**2 + 5*d**2 + 3*d. Determine s(4).
8
Let t(a) be the first derivative of -4*a**3/3 - a**2/2 - 2. Let i be ((-3)/(-12))/((-85)/68) - 4/5. Calculate t(i).
-3
Let y(h) be the first derivative of 1/2*h**2 - 70 - 12*h + 1/4*h**4 - 7/3*h**3. Determine y(7).
-5
Let k(y) = 2*y**3 - 2*y**2 - y + 2. Suppose 0 = -5*h - 4*t - 35, -t + 9 = -2*h + 8. What is k(h)?
-67
Let z(k) = -k**3 + 7*k**2 + 9*k - 6. Suppose -2*u + 8 = -3*x + 5*x, 3*x - 28 = -5*u. What is z(u)?
2
Let j be ((-152)/(-10))/(2/5). Let f = -36 + j. Let a(d) = 3 + 2*d**2 + 0*d**3 + 0*d**2 - f*d + d**3 + d. What is a(-3)?
-3
Let x(r) = 66 - 3*r + 56 - 180 + 57. Give x(-3).
8
Let w(t) = -3*t**3 + t**2 + 3*t. Let m(v) = 11*v**3 - 3*v**2 - 12*v + 14. Let o(b) = -m(b) - 4*w(b). What is o(0)?
-14
Suppose -16*r = 1880 - 584. Let h = r - -57. Let k = -30 - h. Let q(g) = 3*g - 8. Give q(k).
-26
Let a(q) be the first derivative of -q**4/24 - q**3/3 - 70*q**2 - 39. Let l(g) be the second derivative of a(g). Give l(0).
-2
Let c(b) = -5*b**3 - 50*b**2 + 7*b + 94. Let h(a) = 2*a